t k(m) = 3 - s + 5 - 3 - m - 5*m**2. Give k(-1).
-3
Let r(t) = -t + 9. Let a = -106 - -47. Let m = -57 - a. Suppose 6 = -7*s + 5*s, m*f - 20 = 2*s. Determine r(f).
2
Let u(w) = -5*w**2 + 33*w + 6. Let y(p) = p**2 - 8*p + 2. Let m(a) = -2*u(a) - 9*y(a). Determine m(4).
10
Let f(g) be the third derivative of -g**4/8 - g**3/2 + 14*g**2. Let i = 705 + -708. Give f(i).
6
Let y = 3578 - 3583. Let o(i) = -i - 3. Let p be o(-4). Let t(r) = -r**2 - r. Let x(q) = q**3 - 5*q**2 - 6*q - 1. Let b(c) = p*x(c) + y*t(c). What is b(0)?
-1
Let v(r) = 2*r + 10. Let f be v(-7). Let k(q) be the first derivative of -81 + 4/3*q**3 + 3*q - 1/2*q**2 + 1/4*q**4. Give k(f).
7
Let y(x) be the second derivative of x**4 + x**2 - 1307*x. Calculate y(-2).
50
Let d(p) = 315*p**2 - 10*p + 218*p**2 - 534*p**2 - 8. What is d(-6)?
16
Let n(z) = -z**3 - 3*z**2 - z. Let g = -264 + 263. Let h be n(g). Let u(x) = 7*x. Determine u(h).
-7
Let m(d) = d**2 + 4*d - 7. Let n(g) = 2*g**3 + 10*g**2 - 12*g. Let q be n(-6). Suppose -f + 33 - 42 = q. Determine m(f).
38
Suppose x = -5*t + 1, 16 - 7 = -3*x - 3*t. Let u be 200/(-16) + ((-2)/x)/(-1). Let g(w) = w + 22. Give g(u).
9
Let n(q) = 18*q + 133. Suppose 4*a + 4*x = -28, a + 145*x - 149*x = -7. What is n(a)?
7
Let q(v) = 9*v**2 - 3*v**2 + v**3 - v + 0*v - 63 + 114 - 58. Let o(x) = -x + 1. Let s = -9 - -16. Let d be o(s). Calculate q(d).
-1
Let s(n) = -39*n - 1. Let l be (-1 - 0)/(516/(-84) + 6). Suppose -l = 8*k - 11*k - 2*g, g = 4*k + 9. Determine s(k).
38
Let c(d) = -2*d**2 + 3*d + 24. Let f(y) = y**3 + 6*y**2 + 3*y - 16. Let t be f(-4). Give c(t).
4
Suppose 3*m + 69 = 4*m. Suppose n + 3*n - 5*k = m, -3*n + k = -49. Suppose -3*d + 3*b + n = -5*d, -4*b = -5*d + 6. Let g(i) = 4*i**2 + i + 1. Calculate g(d).
15
Let q(d) = d - 2. Let w(b) = b**2 + b - 8. Let r be w(3). Suppose f = -5*x + 22, 4*f - 1 = -r*x + 7. Suppose -6 = 4*j - 2*o, j - 7 = 2*j + x*o. Determine q(j).
-4
Let j(d) be the third derivative of -13*d**4/24 + 13*d**3/6 - 2014*d**2. What is j(3)?
-26
Let a(r) be the third derivative of r**5/60 + 5*r**4/8 + r**3/6 + 3*r**2. Suppose 23*m + 145 = -200. Give a(m).
1
Let g(o) be the third derivative of -48*o**2 - 4*o**3 + 1/3*o**4 + 0 + 1/15*o**5 + 0*o - 1/360*o**6. Let j(q) be the first derivative of g(q). Give j(9).
-1
Let g = 215/153 - 11/153. Let b(f) be the first derivative of 1/2*f**4 - 30 + 3/2*f**2 + 0*f + g*f**3. Calculate b(-2).
-6
Let b(s) = -2*s**2 - 5*s - 5. Suppose -353 - 1512 = -5*r + 5*d, 3*d + 1494 = 4*r. Let y = 371 - r. What is b(y)?
-17
Let m(c) = -3*c**2 + 9*c - 9. Let k(i) = 16*i**2 - 46*i + 46. Let v(b) = -2*k(b) - 11*m(b). Let n be v(6). Let q(s) = -17*s**2 + 2*s - 1. What is q(n)?
-16
Let k be (-1)/2 - (-9)/(-2). Let a = k - -2. Let q(b) be the third derivative of -b**5/60 - 5*b**4/24 - b**3/2 + 2*b**2 + 67*b. Determine q(a).
3
Suppose -17*t = -21*t + 4. Let l(m) = -m. Let w(n) = 4*n + 5. Let y(i) = t*w(i) + 3*l(i). Let g = -12 - -8. Calculate y(g).
1
Let w(t) be the third derivative of t**6/360 - t**5/60 - 5*t**4/24 - 101*t**3/2 + 3*t**2 + 90*t. Let a(r) be the first derivative of w(r). Determine a(5).
10
Let z(v) = -v + 4. Let b(h) be the first derivative of 12*h**2 + 1/3*h**3 + 41 - 21*h. Let k be b(-25). What is z(k)?
0
Let r(w) = -w**2 + w + 5. Suppose -4*p = -p - 12. Let l be r(p). Let n(u) = u**3 + 6*u**2 - 7*u - 6. What is n(l)?
-6
Let h(g) = 9*g**2 + g - 2. Suppose 0 = -25*m + 28*m - 9. Suppose m*w - 2*f = -6, -8*w + 2*f = -12*w - 8. Calculate h(w).
32
Suppose 3*d = -1 - 116. Let p be (-16)/(-6) - (-26)/d. Let x(h) = -h. Let l(n) = -2*n - 2. Let u(y) = -l(y) + 6*x(y). What is u(p)?
-6
Let a = -29523 + 29537. Let t(v) = 3*v - 11. Determine t(a).
31
Let j(o) be the first derivative of -10*o**4 - o**2 - o + 401. Determine j(-1).
41
Let y be ((-10)/(-40) + 14/(-24))*-12. Suppose 0 = -y*p + 8, -4*w + 733 = 4*p - 63. Let m(z) = -5*z**2 - 198*z**3 + w*z**3 - 1 + 0. Give m(-5).
-1
Let c = 83 - 61. Let h = c - 26. Let v(o) = 3*o + 2. Let k(a) = -4*a - 3. Let i(z) = h*k(z) - 5*v(z). What is i(-2)?
0
Let a(x) = 3*x - 4. Let b(u) = 2*u**2 + 17*u - 27. Let p be b(-10). Suppose 0 = 4*g - 5*g - p. What is a(g)?
-13
Suppose 2*d = 6, 0 = 4*l - 3*d + 2*d - 37. Let f(h) = -h. Let k(u) = -12*u - 2. Let i(o) = l*f(o) - k(o). Give i(-6).
-10
Let w(d) = -d**3 + d**2 - 8*d + 1. Let f(t) = -4*t**3 + 7*t**2 - 15*t - 7. Let g(h) = f(h) - 3*w(h). Calculate g(5).
10
Suppose 0*d = -d + 8. Let m(c) be the second derivative of c**3 + 11*c**2/2 - 177*c. Let o(x) = -5*x - 10. Let r(v) = -6*m(v) - 7*o(v). Give r(d).
-4
Let n = 287 + -282. Let s(m) = 16 - 6*m - 20 + n*m. Let l = 6 - 0. Calculate s(l).
-10
Let c(k) = -k**2 + 1. Suppose 0 = 3*d + 3*f - 3, 0*f = -3*d - f + 5. Let s be ((-5)/(-2))/((-157)/(-314)). Suppose -s*a - d*a = -5*a. Calculate c(a).
1
Let j be 11 - ((-28)/20 + (-893)/(-95)). Let i(q) = -3*q**3 + 3*q**2 + 2*q + 4. Determine i(j).
-44
Let v(g) = -g**3 + 24*g**2 - 27*g + 17. Let a(z) = 7*z**2 - 918*z + 154. Let i be a(131). Give v(i).
-75
Let g(x) be the first derivative of -x**4/4 + x**3/3 - 3*x**2/2 + 6*x + 1335. Give g(2).
-4
Suppose m = 3*m - 4. Let b(k) = k**2 + 1. Let c(z) = 7*z**2 + 2*z + 5. Suppose -9*j = 3 - 12. Let o(g) = j*c(g) - 6*b(g). What is o(m)?
7
Let b be 2/2*8 + -4. Let z(p) = 1 + 4 + 5 + p - b. Let r be 46/(-69) + (-4)/(-6). Give z(r).
6
Let g(f) = -5*f - 202. Let r = -546 + 507. Give g(r).
-7
Suppose 177*j + 567 = 96*j. Let p(n) = -n**3 - 7*n**2 - 5*n + 3. What is p(j)?
38
Let s(q) = 5*q - 10. Let z(c) = -13*c + 23. Let d(w) = 5*s(w) + 2*z(w). Let a(j) = -j + 2. Let h be a(-11). Suppose 0 = -h*x + 11*x. Give d(x).
-4
Let l(d) = 2*d**2 - 4*d - 25. Let f(w) = -w**3 - 13*w**2 - 16*w - 52. Let a be f(-12). What is l(a)?
23
Let k be (-6 - 108/6)*(-3 + 90/27). Let i(t) = t**3 + 18*t**2 + 76*t - 6. What is i(k)?
26
Let t(a) = 8*a**3 + 7*a**2 - 2*a - 1. Let u(v) = 7*v**3 + 7*v**2 - 3*v. Let o(i) = -8*t(i) + 9*u(i). Determine o(2).
6
Let w(v) = -v**2 - 2*v - 1. Let c(r) = 13*r - 7*r - r + 29*r - 2*r**2 - 57. Let y be c(15). Determine w(y).
-16
Let u(t) = 17*t**3 + t**2 - t - 2. Let o be (24/(-180)*-15)/(-1 - 1). Determine u(o).
-17
Let p(d) = 0*d**2 + 8 - 8*d**2 - 5*d + 8*d + 0*d**2 - 5*d + d**3. Calculate p(8).
-8
Suppose 212*c - 216*c + 4 = 0. Let h be 5*2/(-4)*(-1 - c). Let v(y) = y**3 - 6*y**2 + 7*y + 1. Calculate v(h).
11
Let w(q) = 5*q - 375. Let r(c) = 5*c - 468. Let h(x) = 5*r(x) - 6*w(x). What is h(-11)?
-35
Let v = 139 + -136. Let h(s) = 20 + v*s + 16 - 33. What is h(-3)?
-6
Let k(t) = -40*t - 43*t - 47*t - 6 + 0 + 128*t. Give k(-6).
6
Suppose -5*i + g - 17 = 0, 3*i + 2*i = 3*g - 11. Let a = -4980 - -4985. Let u be i + -1 + a - 2. Let w(b) = 3*b**3 + 2*b**2 - 3*b - 3. Calculate w(u).
-13
Let j(v) = v**3 - 6*v**2 - 8*v + 6. Let k be 434 - (-8 - (-7 + 5)). Let b = -433 + k. Determine j(b).
-1
Suppose w = -b, 5*b + 3 + 18 = 2*w. Let n(f) = -f**3 + 6*f**2 + 10 + f**2 + 0*f + 0*f**w - f. Give n(7).
3
Let n(d) = -4*d**2 - 12*d - 73. Let z(j) = -j**2 - 4*j - 21. Let c(t) = 2*n(t) - 7*z(t). Let x = 10 + -7. Give c(x).
4
Let y(g) = 21*g + 498. Let h be y(-23). Let c(d) = d**2 - 20*d + 76. What is c(h)?
1
Let h(y) = 159*y**2 + 7*y - 5. Let x(p) = 64*p**2 + 3*p - 2. Let q(s) = 2*h(s) - 5*x(s). Let t be 0/1 - 1*-2. Give q(t).
-10
Let o(t) = 24*t**2 - 12*t - 17. Let f(w) = -5*w**2 - w. Let u(c) = -5*f(c) - o(c). Calculate u(-17).
17
Let k(c) = 4*c**3 + 11*c**2 - 24*c + 80. Let v(s) = -5*s**3 - 12*s**2 + 26*s - 104. Let w(y) = 4*k(y) + 3*v(y). What is w(-10)?
-12
Let a(w) = -w**3 - 7*w**2 - 2*w + 6. Let s(g) = 33*g - 51. Let x be s(2). Let r be (1 + -1*10/x)*-18. Calculate a(r).
-18
Let o(y) = -y + 1. Let c be 6/(-8) + (-9)/36. Let p(r) = 5*r + 16. Let v(u) = u + 1. Let g(n) = c*p(n) + 6*v(n). Let s be g(12). Determine o(s).
-1
Let g(w) = 8 - 289*w + 21 + 144*w + 142*w. What is g(10)?
-1
Suppose 26*a = -4*h + 24*a - 24, -2*a + 12 = -2*h. Let d(b) = -37*b + 13 + b**2 + 27*b + 18*b. Calculate d(h).
1
Let f(o) = -3*o**2 - 3 - 382*o + 194*o + 190*o. Let x = -98 - -95. What is f(x)?
-36
Let u(p) = 31*p**3 + 10*p**2 - 35*p - 28. Let s(i) = -6*i**3 + i**2 + 2. Let o(d) = 5*s(d) + u(d). Determine o(-17).
-1
Let w(m) = -13*m**2 - 7*m - 3. Let o be w(-4). Let d = 190 + o. Let f(c) = -c**3 + 8*c**2 - 5*c + 8. Give f(d).